
True
Is 2229389 composite?
False
Is 8059719 prime?
False
Is 30374011 a prime number?
True
Is 318704437 a composite number?
False
Is 3470417 composite?
False
Is 491676617 a composite number?
False
Is 21162469 a composite number?
False
Is 528306341 prime?
True
Is 8137483 a composite number?
True
Is 34003 a composite number?
True
Is 907297 a composite number?
False
Is 7462957 a prime number?
True
Is 9483091 composite?
True
Is 471752737 a prime number?
False
Is 10762135 a composite number?
True
Is 71158811 a composite number?
False
Is 69049973 a prime number?
True
Is 15280169 prime?
False
Is 3703001 a prime number?
True
Is 18523069 composite?
False
Is 44385559 a composite number?
False
Is 4500613 a composite number?
True
Is 216611869 composite?
False
Is 2879111 a composite number?
False
Is 479690933 a composite number?
False
Is 674189 composite?
False
Is 26976341 a composite number?
True
Is 4373489 prime?
True
Is 39926407 a composite number?
False
Is 48232567 a composite number?
False
Is 43556167 a composite number?
False
Is 25801157 composite?
True
Is 8351909 prime?
True
Is 18698819 a composite number?
True
Is 8784407 a composite number?
False
Is 10444439 prime?
True
Is 6163426 a composite number?
True
Is 65061547 a composite number?
True
Is 3808239 composite?
True
Is 110989 prime?
True
Is 1613321 a composite number?
False
Is 7028873 a composite number?
False
Is 105726169 a prime number?
False
Is 106243 a prime number?
True
Is 71899 a composite number?
False
Is 72102113 composite?
False
Is 1512281 a prime number?
True
Is 1355037493 composite?
False
Is 39313343 a composite number?
False
Is 11218841 a prime number?
True
Is 722790883 a composite number?
False
Is 80785669 a composite number?
True
Is 128040401 a composite number?
False
Is 3219583 a composite number?
False
Is 22264933 a composite number?
False
Is 1348673 a composite number?
False
Is 32125417 composite?
True
Is 44111381 prime?
True
Is 831191 prime?
True
Is 532873837 prime?
True
Is 356831119 prime?
True
Is 28543399 a prime number?
True
Is 222659 composite?
False
Is 15930161 a prime number?
False
Is 1015739 composite?
False
Is 6156383 a prime number?
False
Is 1242739 a prime number?
True
Is 189229331 a composite number?
False
Is 45080267 a composite number?
False
Is 28803011 a prime number?
True
Is 1599245 composite?
True
Is 2762741 prime?
True
Is 39255155 a prime number?
False
Is 1526801 prime?
False
Is 11459449 a composite number?
True
Is 3585331 composite?
False
Is 1591687 composite?
True
Is 2998079 a composite number?
True
Is 1063709 a composite number?
False
Is 4062241 a composite number?
False
Is 1053233 composite?
False
Is 3811057 a composite number?
False
Is 985331 composite?
False
Is 25445947 prime?
False
Is 107055959 prime?
False
Is 609497579 prime?
False
Is 19327247 composite?
False
Is 9889457 composite?
True
Is 56391217 a composite number?
False
Is 17124889 a composite number?
False
Is 15094421 prime?
True
Is 13588359 prime?
False
Is 206180531 composite?
False
Is 774827 composite?
True
Is 32512153 a composite number?
False
Is 7556491 a prime number?
True
Is 54087617 prime?
True
Is 9559171 a prime number?
True
Is 19717583 prime?
True
Is 5017429 a composite number?
True
Is 20308709 prime?
False
Is 19077083 prime?
False
Is 280365781 a composite number?
False
Is 533869877 a prime number?
True
Is 9846701 a composite number?
False
Is 844841057 composite?
False
Is 931764839 a prime number?
False
Is 18253901 a prime number?
False
Is 249112309 a composite number?
False
Is 1710293 composite?
True
Is 61958851 a composite number?
False
Is 12661205 a prime number?
False
Is 11280161 composite?
False
Is 7713529 composite?
True
Is 14034263 composite?
False
Is 337867603 prime?
False
Is 84508495 prime?
False
Is 19662673 a prime number?
True
Is 39687841 a composite number?
True
Is 1318607 a prime number?
False
Is 85482557 a prime number?
False
Is 125444983 prime?
True
Is 714707 prime?
False
Is 7603699 prime?
False
Is 22642874 a prime number?
False
Is 2114531 prime?
True
Is 64661057 a composite number?
False
Is 30899237 a prime number?
True
Is 60102817 a composite number?
False
Is 14108179 composite?
True
Is 12730667 prime?
False
Is 69953843 composite?
False
Is 22465217 composite?
False
Is 22661105 prime?
False
Is 4618307 a prime number?
True
Is 6102953 prime?
True
Is 29033951 a prime number?
True
Is 19774343 a prime number?
False
Is 17784509 composite?
False
Is 12777827 a prime number?
True
Is 68646283 a prime number?
False
Is 1402003 a prime number?
True
Is 2372863 a composite number?
True
Is 13412767 prime?
False
Is 7397303 composite?
False
Is 529651 composite?
True
Is 42979127 composite?
True
Is 30376529 a composite number?
False
Is 1115747 prime?
False
Is 12710473 prime?
False
Is 48753401 a composite number?
False
Is 3613397 a prime number?
True
Is 14446241 a composite number?
False
Is 1045069 composite?
True
Is 2580959 a composite number?
False
Is 1989437 a prime number?
False
Is 3614095 a composite number?
True
Is 4339571 a prime number?
False
Is 100755511 a composite number?
False
Is 17785337 a composite number?
True
Is 10601119 composite?
True
Is 1044889 composite?
False
Is 132209639 prime?
True
Is 259802315 a composite number?
True
Is 345338335 prime?
False
Is 2371529 a composite number?
True
Is 1602817 a composite number?
False
Is 392635211 a prime number?
True
Is 26402687 a composite number?
False
Is 6856367 composite?
True
Is 4451891 a composite number?
False
Is 139862351 composite?
True
Is 57764051 prime?
True
Is 1051899229 a composite number?
True
Is 316695983 composite?
False
Is 101082083 prime?
True
Is 68688341 a composite number?
False
Is 4724117 composite?
False
Is 2498341 a composite number?
True
Is 24550769 a prime number?
True
Is 599959 prime?
True
Is 12299407 a prime number?
False
Is 25775731 a composite number?
False
Is 16793459 a prime number?
True
Is 144579445 a composite number?
True
Is 31626593 a prime number?
False
Is 45074911 a prime number?
False
Is 4144961 composite?
False
Is 412439891 composite?
False
Is 4974193 prime?
False
Is 31118543 composite?
False
Is 150462997 a prime number?
True
Is 3319649 prime?
False
Is 1045818589 prime?
True
Is 41827319 prime?
True
Is 91497685 a composite number?
True
Is 3504251 a composite number?
False
Is 210979 composite?
True
Is 227103199 a composite number?
False
Is 1225891 a composite number?
False
Is 246397 prime?
False
Is 56408339 composite?
True
Is 479991461 composite?
False
Is 341941 a prime number?
False
Is 363719 a composite number?
False
Is 3137734 composite?
True
Is 6099287 a prime number?
False
Is 531929 prime?
False
Is 1005527 prime?
True
Is 6304003 composite?
False
Is 59688191 composite?
True
Is 5040683 a prime number?
True
Is 59179679 prime?
False
Is 4388269 a composite number?
False
Is 13058471 composite?
True
Is 57859799 a composite number?
False
Is 50135453 prime?
True
Is 347187278 prime?
False
Is 1941799 a prime number?
True
Is 55183006 composite?
True
Is 797940469 composite?
False
Is 37046567 composite?
True
Is 5360063 prime?
False
Is 1154369 a composite number?
False
Is 12053551 a composite number?
False
Is 1739731 prime?
False
Is 9810673 prime?
False
Is 110042897 a prime number?
True
Is 5189939 a prime number?
True
Is 625589 composite?
False
Is 8720261 a composite number?
True
Is 3012497 a composite number?
False
Is 55855 a prime number?
False
Is 130379903 a prime number?
True
Is 14143 a prime number?
True
Is 8360117 a composite number?
True
Is 35150873 a prime number?
False
Is 7265911 prime?
True
Is 42108389 composite?
True
Is 5410099 a prime number?
True
Is 7147787 a prime number?
True
Is 96049979 a composite number?
False
Is 228365971 prime?
True
Is 9063923 a prime number?
False
Is 294199 prime?
True
Is 976469951 composite?
True
Is 2350259 a prime number?
True
Is 21203422 prime?
False
Is 1747349 composite?
True
Is 19973969 a prime number?
False
Is 9680929 composite?
False
Is 2030047 a prime number?
False
Is 10712347 a composite number?
False
Is 10249399 prime?
True
Is 11437457 a prime number?
True
Is 907303 a composite number?
True
Is 5614013 prime?
False
Is 24189293 prime?
True
Is 9428879 composite?
False
Is 27986489 prime?
True
Is 2059039 a composite number?
False
Is 1216633 a prime number?
False
Is 1